91 + 4190. Let m(j) = -5*j**3 + j**2 + 3*j - 3. Let y(r) = -5*r**3 + r**2 + 2*r - 2. Let k = -4 - -2. Let b(z) = k*m(z) + 3*y(z). Determine b(a).
6
Let h(w) be the second derivative of w**5/20 + w**4/2 + 5*w**3/3 + 4*w**2 + 4349*w. Calculate h(-7).
-111
Let n(c) = -3*c**2 - 18*c - 18. Let w be (-3)/1 + 0/87. Determine n(w).
9
Let m(f) = f**3 + 7*f**2 - 8*f - 12. Suppose -8*d + 14*d = -11*d. Let v be (54 + -58)*(d + 2). Determine m(v).
-12
Suppose -s = 4*v, 3*s - 10 = 3*v - 5*v. Suppose 4*n - 3 = g - 0*g, 20 = s*g. Let k(r) = -5*r + r**3 - 21*r**2 + 10*r**n + 7*r**2 + 4 + 3*r. Determine k(3).
-11
Let v(c) = c**3 - 9*c**2 + 9*c - 6. Let t = -11316 - -11324. What is v(t)?
2
Let x(h) = -h**3 + 30*h**2 + 213*h + 98. Let c be x(36). Let o(a) = -2*a - 17. Calculate o(c).
3
Let u(w) = 3*w + 2. Suppose -i - 32 = y - 29, -4*i + 5*y + 42 = 0. Let d be (0 + 10/(-6))*-15. Suppose -5*n = 2*a - d, i*a + 0*n = n + 12. Calculate u(a).
17
Let i(f) be the first derivative of 3*f**2/2 + 13*f + 796. Give i(11).
46
Let r(g) = g - 5. Let a(m) = -1. Let p(z) = z**2 - 16*z + 31. Let i be p(19). Let d = i - 70. Let h(o) = d*a(o) - 2*r(o). Give h(-7).
6
Suppose -7 = s - 3*j, -2*j = -6*j + 8. Suppose 0 = 22*t + 30 - 558. Let m(i) = 15*i + 7*i - t*i. Determine m(s).
2
Suppose 23658*n = 23650*n - 24. Let i(x) = -x**3 + 5*x**2 + 22*x + 6. Give i(n).
12
Let f(r) = 3*r - 11. Let s = -1 - 9. Let m be -6 + 18 + 6 + s. Give f(m).
13
Let p be ((-50)/(-6))/((-5)/30). Let y = p + 67. Suppose -y + 7 = -2*v - 4*l, 2*v - 3*l = -11. Let k(o) = 6*o**3 - o - 1. Calculate k(v).
-6
Let f(s) = -13*s + 120. Suppose -9*t = 5*z - 79, 5*t = 23*z - 24*z + 35. What is f(z)?
55
Let l(s) = -s**3 + s**2 - s - 9. Let f be l(0). Let v(a) be the second derivative of -a**5/20 - 2*a**4/3 + 7*a**3/6 - 6*a**2 + 5*a - 2870. Calculate v(f).
6
Let q(o) = -o**2 + 2*o + 1. Suppose 0 = -5*m - 6*m - 11. Let p(w) = 6*w**2 - 8*w - 4. Let j(i) = m*p(i) - 5*q(i). Let b be 1/(-4) + 11/(-4). Determine j(b).
-4
Let y = 165 + -159. Suppose 9 = -f + y*x - 3*x, 3*f + 4*x - 38 = 0. Let m(n) = -n**3 + 7*n**2 - 3*n + 7. Calculate m(f).
25
Let s = 1 - -3. Suppose 5 = 3*r - 4*c, 0*c - s*c = 3*r + 11. Let m(q) = 5*q**2 - 5 + 11*q**2 + 4 - 20*q**2. Give m(r).
-5
Let m(s) = 5*s**3 - 8*s**2 - 2*s + 15. Let q(u) = -27*u**3 + 40*u**2 + 9*u - 76. Let d(j) = 11*m(j) + 2*q(j). What is d(8)?
-19
Suppose -2*t = 3*v + 6, 2*t + 12 = -v - 2*t. Let d be (1 - -1)/(v - -1). Let l(m) = 8*m**2 - m**3 - 9*m**d + 0*m**2. Give l(0).
0
Let b(u) = -u**2 + 7*u - 18. Suppose -2*c + 118*r = 123*r - 37, -5*r = -25. Calculate b(c).
-12
Let d(y) = -y**2 + y. Let c be 2/8 - (-595)/20. Let a = -189 + 209. Let u be (4/3)/(a/c). Calculate d(u).
-2
Let u(p) = -41*p**3 - p**2 + 20*p + 3. Let y(x) = 48*x**3 + 2*x**2 - 22*x - 3. Let d(h) = -7*u(h) - 6*y(h). What is d(-3)?
3
Let q(i) = 3*i - 17. Suppose 7913*w = 7921*w - 48. What is q(w)?
1
Suppose -13*x + 5*w - 1045 = -10*x, 0 = x - 5*w + 345. Let q = x - -344. Let b(v) = v**3 + 6*v**2 - v - 3. Determine b(q).
3
Suppose 1 = 3*s + 5*b, 10*s = 5*s + 4*b + 14. Let v(a) = a**2 + 3*a - 5. What is v(s)?
5
Suppose 4*n - 12 = 3*n - 4*b, -4*b + 24 = -2*n. Let a(y) = -y**2 - 4*y + 3. Let g be a(n). Let p(x) = -131*x**2 - 3 + 0*x**3 - x**g + 135*x**2. Determine p(3).
6
Suppose a = -2*o - 14, 1 - 5 = 2*o. Let j(q) = -q**2 - 26*q - 18. Give j(a).
142
Suppose 0*u + 2*u - 84 = 0. Let t = u + -40. Let k be (-6)/15*-5 + -1*t. Let a(q) = q + 5. Calculate a(k).
5
Let g(y) be the third derivative of 0 - 1/60*y**5 + 0*y**4 + 1/6*y**3 - 19*y**2 + 0*y. Let x(u) = 4*u**2 + 5*u - 3. Let n(s) = 3*g(s) + x(s). Determine n(-5).
0
Let u(f) = -f**3 - 3*f**2 - f + 7. Let i(s) = -238*s + 234. Let g be i(1). What is u(g)?
27
Suppose -10 = -2*p, 0 = x + p + 4*p - 35. Let v be (-42)/147 - (-32)/14. Suppose 0 = -v*t + x + 2. Let q(b) = -b**3 + 5*b**2 + 6*b - 4. What is q(t)?
-4
Let b(x) = x**3 - x**2 + x - 6. Let a(f) = 4*f + 60. Suppose -4*m - 72 = 3*h, -2*m = 3*m - h + 71. Let k be a(m). Determine b(k).
-6
Let d(n) = -20*n**2 - 19*n**2 + 0*n**3 + 67 + 37*n**2 + 3*n**3 + 8*n - 74. Calculate d(3).
80
Let t(g) = 8*g - 1. Let j = 207 - 205. Let y(l) = -18*l + 3. Let u(o) = j*y(o) + 5*t(o). Calculate u(-3).
-11
Let a(x) = -x**3 + x**2 - 5*x. Let j be a(0). Suppose l = 3*q - j*l, 3*q - 5*l + 12 = 0. Let p(d) = -25*d**2 + d - 1. What is p(q)?
-25
Let z(k) = -83 + 67 - 30 - 9*k. Calculate z(-5).
-1
Let v(f) = -2*f - 10. Let q be 3 + (-7)/3 + 39/9. Suppose 4*k - 3*d = -21, q*k - 3*d + 25 = 2*d. What is v(k)?
2
Let n(b) = -6*b**2 + 43*b - 2. Let u be n(7). Let o(p) = u - 9*p + 4 - 4 - 3 + p**2 + 4. Calculate o(7).
-8
Suppose 4*q + 20 = -4*w - 0*q, 0 = 3*w - 4*q + 8. Let y = w + 9. Suppose 0 = -2*c + 3*c - y. Let f(t) = t + 6. Give f(c).
11
Let t(h) be the third derivative of 5*h**4/24 + 7*h**3/3 + 1605*h**2 - 2. Give t(-4).
-6
Let q be 2 + (195 - (-8)/(-4))*1. Suppose 20*u = -q - 65. Let v(x) = -x**2 - 14*x - 3. What is v(u)?
10
Let i(c) be the third derivative of -7/60*c**5 - 50*c**2 + 0*c - 1/8*c**4 - 1/2*c**3 + 1/120*c**6 + 0. Give i(7).
-24
Let d(v) = -v**2 - 5*v - 19. Let g(c) = -60*c - 1688. Let n be g(-28). What is d(n)?
-43
Let f(m) be the first derivative of 11*m**3/3 + 3*m**2/2 + 3*m + 9141. What is f(-1)?
11
Suppose 254 = -8*o - 35*o - 47. Let l(v) = v**3 + 6*v**2 - 9*v - 8. Calculate l(o).
6
Let x = -1 + 5. Let z(d) = -31*d - 4. Let q(u) = -117*u - 14. Let i(r) = 4*q(r) - 15*z(r). Calculate i(x).
-8
Let q be ((-96)/(-240))/((0 + -1)/(-10)). Let n(k) = -1 - 2*k + 6*k - k + q*k. Determine n(1).
6
Let l(f) be the second derivative of f**5/20 - f**4/6 + f**3/6 + 3*f**2/2 + f - 1280. What is l(-2)?
-15
Let v = -220 - -225. Let g(d) = v - 4 + 6 + 553*d - 552*d. Suppose -24 = -2*w + 6*w. Calculate g(w).
1
Let c(j) = -1678 + 3341 - 41*j - 1666 + 3*j**2. Give c(14).
11
Let r(z) be the first derivative of -1/2*z**2 + 13/3*z**3 + 47 + z. What is r(1)?
13
Let a(p) be the first derivative of -p**3/3 - 3*p**2/2 + 4*p + 2. Let d be (-2)/(-8) - 1240/(-32). Suppose 26*t + d = 13*t. Determine a(t).
4
Let n = -2188 + 2190. Let d(l) be the third derivative of 0 - 12*l**n + 0*l - 2/3*l**3 - 1/24*l**4. Give d(-3).
-1
Let l(x) be the second derivative of x**4 + 5*x**3/6 + 3*x**2/2 - 2*x + 103. Determine l(-1).
10
Let d(f) = -8610 + 17229 - 8540 + 3*f - f**2. Calculate d(10).
9
Suppose 3*d - 16 = -4. Let i(f) = 5*f**3 - 3*f**2 - f + 16. Let c(r) = 9*r**3 - 6*r**2 - 3*r + 28. Let v(x) = -4*c(x) + 7*i(x). Determine v(d).
4
Let u(m) = 6*m + 10. Let n(y) = -215*y + 12 + 222*y - 4. Let r(l) = 4*n(l) - 5*u(l). Calculate r(-8).
-2
Let l(i) = 1 - i**2 + 5*i - 2 - 1. Suppose 0 = 86*y - 10*y - 14*y + 248. What is l(y)?
-38
Suppose 6 = 3*i - 30. Let f be (-1)/(-3 - (-39)/i). Let n(m) be the second derivative of -m**4/12 - m**3 - m**2 - 6*m + 43. What is n(f)?
6
Suppose -4*w - 24 = 4. Let l(h) = -24481 - 24489 + 48971 - h. What is l(w)?
8
Suppose -4*o + 21*n = 19*n + 8, -4*n = -3*o + 4. Let z(t) = 13*t + 46. Calculate z(o).
-6
Let d = 58 - 55. Let k(n) = -643*n**3 + 1282*n**3 + 2*n - 11 - 640*n**d + 5*n**2. Give k(5).
-1
Let o(c) = -4*c - 4. Let z be (1794/52 - (-5)/(-2))/1. Suppose -z = 2*s - 46. Give o(s).
-32
Suppose 4*c - 2*j - 54 = 0, 3 = 4*c - 4*j - 57. Suppose h - 32 = -5*w, 52 = 3*h - c*w + 16*w. Let d(n) = 3*n - 32. Give d(h).
4
Let h(t) be the first derivative of -2*t**2 + 13*t - 354009. Let f = -3 - -6. What is h(f)?
1
Let g(o) = 3 + 34 + o - 3*o. Let j be g(16). Suppose c + v = 3, -j*c - 2*v = -3*v - 21. Let s(m) = m**2 - 6*m + 2. Give s(c).
-6
Let m(v) = -4*v + 13*v - 45 - 8*v + 2*v + 3*v. Determine m(8).
3
Let h(p) be the first derivative of -p**3/3 + p**2/2 + 4*p + 11. Let i(u) = u**2 - u - 3. Let z(n) = 4*h(n) + 3*i(n). Suppose 0 = -s - s. Determine z(s).
7
Let s(w) = 3*w + 1. Let z(g) = -8*g**2 + 58*g - 3. Let r(u) = 5*s(u) - z(u). Determine r(5).
-7
Let y(j) = 3*j**3 - 37*j**2 - 29*j + 46. Let a be y(13). Let q(d) = 3*d + 1. Determine q(a).
22
Let h = 116 + -69. Let v = h + -41. Let d(r) = -2*r**2 + 8*r + 1. Calculate d(v).
-23
Let m be 5 - (-2 + -1) - 5. Let j(v) = 6 + 3*v**3 - v**2 + 5*v**2 + 10 + 3*v - 18 - 2*v**m. Calculate j(-3).
-2
Let z(h) = -32*h + 1. Let k(r) = 41*r - 3. Let w(t) = -4*k(t) - 5*z(t). Suppose -2*l + 5*y + 1 = -4, 2*y + 2 = l. Calculate